(6). Let j(y) = 2 - 4 + y - d - 4. Give j(0).
-9
Let j(x) be the third derivative of x**4/24 - x**3/2 - x**2. Suppose 0 = 4*b - 12 - 8. Suppose 0*m - 26 = 2*m + b*i, -4*m = 5*i + 32. Give j(m).
-6
Let g = 5 - 2. Let s(t) = -4*t**3 + 2*t**2 + 4*t - 4. Let z(m) = m**3. Let w(d) = s(d) + 3*z(d). Give w(g).
-1
Let b = -4 + 7. Let a(f) be the first derivative of -f**3/3 + 3*f**2/2 + 3. Determine a(b).
0
Let k(g) be the third derivative of -g**4/24 + g**3 - 7*g**2. Determine k(6).
0
Suppose 5*v - l = -4 + 16, -l + 18 = 5*v. Suppose v*a = 13 - 1. Suppose -3*y = n - 19, a*n + 1 = 5. Let x(s) = s**3 - 6*s**2 - 2*s + 8. Determine x(y).
-4
Let y(f) = -f**2 + 4*f + 5. Let w(x) = -9 + x**3 - 10*x**2 + 2*x**2 + 5*x + 4*x. Suppose 39 = 5*l - 4*k, -3*l - 2*k + 4*k + 23 = 0. Let j be w(l). What is y(j)?
0
Let z(a) = 26*a + 1 - 5*a - 5*a. What is z(-2)?
-31
Let m(p) = 5*p. Let g(y) = -8*y - 3. Let l(d) = -4*d - 1. Let k(n) = -2*g(n) + 5*l(n). Let a(z) = 4*k(z) + 3*m(z). Give a(3).
1
Let x(q) = q + 16. Let w be x(-21). Let z(k) = 2*k**3 - 9*k**2 - 3*k - 5. Let d(b) = b**3 - b**2 + b - 1. Let s(r) = -3*d(r) + z(r). Determine s(w).
3
Let n(a) = a**2 - 14*a + 14. Let b(t) = -t**2 + 15*t - 16. Let f(q) = -5*b(q) - 6*n(q). Give f(6).
14
Let r be (-3)/(6/26)*1. Let x(c) = c**3 - 4*c**2 + 8*c - 4. Let v(i) = 2*i**3 - 8*i**2 + 17*i - 9. Let o = 11 + -5. Let q(u) = o*v(u) + r*x(u). Determine q(2).
2
Let v be -3 - (-10 - 6/(-2)). Suppose -3*p = -v*p + 1. Let o(g) = -g + 2. Give o(p).
1
Suppose -3*h + 35 = 2*h. Let s = h + -3. Let i(j) = -j**2 + 10*j - 6. Let f(u) = -u**2 + 9*u - 6. Let p(a) = -4*f(a) + 3*i(a). Give p(s).
-2
Let n(u) be the third derivative of -u**4/24 + 2*u**3/3 + 9*u**2. Calculate n(6).
-2
Suppose -10 = -9*z + 4*z. Let t = 1 + z. Suppose 0*v = t*v. Let p(m) = m**3 - m - 4. Calculate p(v).
-4
Let s(b) = 5*b**2 - 7. Let o(i) = i**2 - i - 1. Let n(l) = 4*o(l) - s(l). Let a = -38 - -34. What is n(a)?
3
Let i(v) = -v - 1. Let t = -33 - -38. Determine i(t).
-6
Let x(k) be the first derivative of -k**3/3 + 2*k**2 - 2*k + 18. Calculate x(2).
2
Let g(b) be the second derivative of 0 - b + 1/6*b**3 + 2*b**2. What is g(0)?
4
Let v(d) = d**3 - 5*d**2 + d - 3. Let g(w) = -11*w - 6. Let y be g(-1). Determine v(y).
2
Let u(b) = -b - 10. Let w be (7/((-7)/8))/1. Determine u(w).
-2
Let u(n) be the third derivative of -n**6/30 + n**5/20 - n**4/24 + 13*n**2. What is u(2)?
-22
Let k(c) = -c**3 - c**2 - 2*c - 5. Let m be k(-2). Let s(l) be the third derivative of m*l**2 + 0*l + 1/12*l**4 - 1/2*l**3 + 0 + 1/60*l**5. Determine s(-4).
5
Let l(t) be the second derivative of t**3/6 + 4*t**2 + 4*t. Let w = -4 + -1. Give l(w).
3
Let y(b) = -b**2 - b - 3. Let t = -22 - -22. Give y(t).
-3
Let x(z) = -z**2 - z + 7. Let i(a) be the first derivative of a**2 + 15*a + 3. Let k be i(-10). Calculate x(k).
-13
Suppose -2*w - 24 = -3*i, 3*w - 65 = -5*i - 2*w. Suppose i = 4*d + d. Let o(n) = d*n + 1 + 4*n - 7*n. Give o(-4).
5
Let z(w) = w**2 + 4*w + 3. Suppose 12 = -0*j - 2*j - 2*b, -2*j + 2*b + 4 = 0. Let g be j/(-7) - 27/21. Let y be (-2 - -1) + g + -1. Determine z(y).
0
Let z(t) = t - 1. Let p(a) = a - 5. Suppose -5*w = -1 + 6. Let h(x) = w*p(x) + 3*z(x). Suppose -2*o + 3*o = 2. What is h(o)?
6
Let o(k) = 13*k**2 + 10*k + 14. Let y(g) = -7*g**2 - 5*g - 7. Let p(v) = -6*o(v) - 11*y(v). Let m = 63 - 68. What is p(m)?
-7
Let h(v) = 2*v - 6. Suppose -4*y - c = y + 40, 0 = -2*y - 2*c - 16. Let t = y + 18. Let k = -6 + t. Calculate h(k).
2
Let l(u) = -9*u**2 + 14*u**2 - 6*u**2 + 2 + 5. Suppose j = -j + 14. Let g(b) = -b + 7. Let o be g(j). Determine l(o).
7
Let s = 193/6 + -32. Let j(b) be the second derivative of 0 + b**2 + s*b**4 + 1/2*b**3 - 2*b. What is j(-2)?
4
Let m(i) be the first derivative of i**4/2 + i**3/3 - i**2 - 4. Let x = 5 - -7. Suppose 5*c = -x + 2. Calculate m(c).
-8
Let u(a) = a**3 + 10*a**2 - a - 7. Let z be u(-10). Suppose -z*k = -t + 10, 4*k + 4 = -5*t - 3. Let l(c) = -4*c**3 - c**2 + c. Calculate l(t).
-4
Let x(d) = d**3 - 2*d**2 - d - 2. Let m be x(3). Let h(f) = -f + 5. Calculate h(m).
1
Let v(u) = -u**2 + 3*u. Let n(b) = b**2 + 1. Let i(f) = 2*n(f) + v(f). Let d be i(-3). Let c(k) = -5*k - k - 2*k**3 - 4*k**d - 2 + 3*k. Give c(-2).
4
Let k(x) = x + 21. Let m(b) = -b**3 - 5*b**2 + 3*b + 15. Let i be m(-5). Calculate k(i).
21
Suppose 0 = -4*l - 12, -5*l + l = 4*m + 32. Let v(c) = c - 3. Let r(q) = -q + 3. Let j(a) = -2*r(a) - 3*v(a). What is j(m)?
8
Suppose -3*w - 3*g + 15 = 0, 2*w = -w - g + 7. Let z(v) = -9*v + 1. Let i(s) = -10*s + 1. Let k(f) = -3*i(f) + 4*z(f). Calculate k(w).
-5
Let j(a) = a**3 - 5*a**2 + 4*a - 4. Suppose z - 12 = p + 4*p, -4*p = -3*z + 14. Let c = 1 - p. Suppose -w + 4*o = -4, 0 = -c*o + 2*o. Calculate j(w).
-4
Let s(m) = -9*m**3 - 7*m**2 + 11*m + 5. Let u(c) = c**3 - 2 + 3*c**3 + 0*c**3 - 5*c + 3*c**2. Let o(q) = 3*s(q) + 7*u(q). Give o(2).
5
Let o(g) = -2*g**2 + 4*g - 1. Suppose a - 3*s = -2*a + 15, -3*s = -2*a + 14. Let f be -6 - -10 - (a + 0). Calculate o(f).
-7
Let b(d) be the first derivative of 1 + 4 - 2*d**2 + 0*d**2. Suppose -3*x + 3 = -i, -4*x - 2*i + 4 = 2*i. What is b(x)?
-4
Let g(a) = -a - 3. Let z be g(-3). Let b = 4 - z. Let x(r) = 4 + 4*r + r**2 - r**2 - 6 - r**2. Calculate x(b).
-2
Let v be 13/3 + (-2)/(-3). Let f = 7 - 2. Let g(k) = 5*k**2 - f - 2*k**2 - 5*k - 2*k**2. Determine g(v).
-5
Let a(h) = h**2 - h + 1. Let o(q) = 21. Let k(c) = -a(c) - o(c). What is k(0)?
-22
Let g(o) be the third derivative of -o**6/120 - o**5/15 + 2*o**3/3 + 9*o**2. Calculate g(-4).
4
Suppose -3*m + 5*m - 5*y = 0, 5*m = -2*y. Let p(d) = -1 - 2*d + 5 + m + 0*d. Give p(4).
-4
Let f = -2 + 4. Let y(p) = -p + 1. Suppose i - 3 = 5*s + 4*i, -i - 2 = 2*s. Let w(b) = 5*b - 2. Let c(u) = s*y(u) - w(u). Calculate c(f).
-5
Let u(d) = d**2 - 2*d + 1. Suppose -4*s + 3 + 1 = 0. Calculate u(s).
0
Let v(a) be the second derivative of a**6/60 + a**5/15 + a**4/8 + a**3/6 + 3*a**2/2 - 2*a. Let r(l) be the first derivative of v(l). Determine r(-2).
-5
Let s be (-183)/27 + -2 + (-48)/(-27). Let p(k) = -k**3 - 7*k**2 - k + 2. What is p(s)?
9
Let s(i) = 2*i**3 - 2*i - 1. Let b(z) = -z - 2 - z + z**3 + z**2 - 2*z**2. Let t be b(3). Suppose 4*u + 12 = 2*k, 4*k = -4*u + t + 2. Determine s(u).
-1
Suppose 5*b = -3*h + 31, 4 = -2*h - b + 13. Suppose -5*u - 2*l = -3 - 0, h*u = 4*l + 6. Let i(n) = -2*n. What is i(u)?
-2
Suppose 2*t - 3*t = 1. Let u(a) = -6*a - 8. Let v(q) = q + 1. Let m(c) = t*u(c) - 8*v(c). Calculate m(-5).
10
Suppose -2*b = -0*b - 6. Let z(l) be the first derivative of -1/2*l**2 - 1 - b*l. Give z(-4).
1
Let t(o) be the first derivative of 5/2*o**2 + 4*o - 1 + 1/3*o**3. Suppose 2*b = 3*q + 3, -2*q + 0 = 2*b + 12. Determine t(b).
-2
Suppose 3*s = -0*s. Suppose -2*b + 2 = -s. Let g(t) = -6*t**2 - t. Calculate g(b).
-7
Suppose 0 = -5*w - 0*u + 2*u + 21, 0 = 2*w + 2*u. Let m = 13 + -13. Suppose m = 5*j + 2 + w. Let v(n) = 2*n**3 + n**2 + n + 1. Determine v(j).
-1
Let t(m) be the first derivative of -m**4/4 - m**3 + 2*m**2 - 5*m + 56. Suppose y = -4 - 0. What is t(y)?
-5
Let x(k) be the first derivative of 1/120*k**6 - 2 - k**3 - 1/15*k**5 + k**2 + 0*k + 1/12*k**4. Let z(s) be the second derivative of x(s). Calculate z(4).
2
Let s = 137 - 133. Let t(z) = -z**2 + 3*z - 6. What is t(s)?
-10
Let b(s) = -6*s**2 - 8 - 7*s**2 + 6*s**2 + s**3 + 8*s. Give b(6).
4
Let s(g) = g**3 + 4*g**2 + 5*g + 2. Suppose -5*p + 4*r - 7 = 17, -4*r - 12 = 4*p. Let c be (p/6)/(14/63). Determine s(c).
-4
Let l(y) = y**3 + y**2 + y - 1. Let q be l(1). Suppose -5 = 3*f - q. Let v = f - 4. Let x(r) = -r**2 - 7*r - 5. What is x(v)?
5
Let k(v) = 2*v**3 - 6*v**3 + 6*v**2 - 5 + 3*v**3. Suppose -5*n + 26 = -4. Give k(n).
-5
Let v(l) = -l - 5. Let d(h) = -4*h - 20. Let s(w) = 2*d(w) - 9*v(w). Let f be 9/(-3) + 1 + -2. Give s(f).
1
Let s(o) = o - 16. Suppose -2 = 5*g + 2*n, g + 0*n + 4 = -4*n. What is s(g)?
-16
Let l(x) = -7*x**2 + 5*x. Let b(u) = -u**2 - u**2 - u + 4*u - 2*u**2. Let h(w) = -5*b(w) + 3*l(w). Calculate h(-1).
-1
Let s(c) = 4*c**2 - c. Suppose b + 2 = 16. Suppose 3*d - 14 = -5*h, h - 3*d + b = 2*d. Calculate s(h).
3
Let m(f) = f**2 - 7*f + 7. Suppose -2 = -y + 2*y, -3*y = 2*q - 4. Calculate m(q).
-3
Let o(a) be the second derivative of -a**5/20 - a**4/4 + 5*a**3/6 - 102*a. Suppose -p - 5 